the highest common divisor of 46648 and 3773?
343
Calculate the highest common factor of 11 and 469799.
11
What is the highest common factor of 268618 and 98?
98
Calculate the greatest common factor of 21 and 44730.
21
What is the greatest common divisor of 2583 and 20377?
287
What is the highest common factor of 4180 and 520?
20
Calculate the greatest common divisor of 75547 and 31.
31
What is the greatest common divisor of 27 and 2458512?
27
Calculate the highest common divisor of 67 and 5427.
67
What is the highest common factor of 200 and 5300?
100
What is the greatest common factor of 24 and 65292?
12
What is the highest common factor of 4176 and 2842?
58
What is the highest common factor of 64 and 4512?
32
Calculate the highest common divisor of 6 and 17297958.
6
What is the greatest common divisor of 649250 and 7?
7
What is the highest common factor of 4292 and 481777?
1073
Calculate the highest common divisor of 9200 and 7049500.
2300
What is the greatest common factor of 582 and 458034?
582
Calculate the greatest common factor of 164 and 3538382.
82
Calculate the highest common factor of 777 and 98763.
21
What is the greatest common factor of 35 and 285710?
5
Calculate the greatest common divisor of 104 and 35216.
8
Calculate the highest common factor of 1091366 and 34.
34
Calculate the greatest common divisor of 1213274 and 1858.
1858
What is the greatest common divisor of 95912 and 40?
8
What is the highest common factor of 129584 and 9360?
208
What is the highest common divisor of 8010 and 95230?
890
Calculate the highest common divisor of 57306 and 42.
6
What is the highest common factor of 7904 and 4693?
247
Calculate the greatest common factor of 7965372 and 376.
188
Calculate the highest common factor of 196 and 658.
14
What is the greatest common factor of 91 and 1505543?
13
Calculate the greatest common factor of 14610 and 114.
6
Calculate the greatest common divisor of 918 and 122859.
153
What is the greatest common divisor of 347085 and 285?
15
What is the highest common divisor of 441 and 69489?
63
What is the highest common factor of 109011 and 10759?
203
What is the greatest common divisor of 1404 and 97500?
156
What is the highest common factor of 297362 and 182?
26
What is the greatest common divisor of 7480 and 12980?
220
What is the greatest common factor of 17 and 2839?
17
What is the greatest common factor of 200 and 556550?
50
What is the greatest common factor of 124326 and 18?
18
Calculate the greatest common factor of 399 and 21318.
57
Calculate the greatest common factor of 4199941 and 359.
359
What is the highest common factor of 1110 and 169230?
30
Calculate the highest common factor of 346 and 519.
173
What is the highest common divisor of 117 and 43836?
39
What is the greatest common factor of 944455 and 35?
5
What is the greatest common divisor of 31092 and 300?
12
Calculate the highest common factor of 147 and 218099.
49
What is the greatest common divisor of 617 and 1233383?
617
What is the highest common divisor of 95 and 69008?
19
Calculate the highest common divisor of 33670 and 5138.
14
What is the greatest common divisor of 432014 and 56210?
1606
Calculate the greatest common divisor of 69342 and 13.
13
Calculate the greatest common divisor of 1091764 and 184.
92
Calculate the greatest common divisor of 1090896 and 108.
12
Calculate the highest common divisor of 190099 and 104.
13
What is the greatest common divisor of 75417 and 207?
69
Calculate the highest common divisor of 432 and 5880.
24
Calculate the highest common divisor of 5719 and 6503.
7
Calculate the highest common divisor of 61419 and 708.
177
Calculate the highest common divisor of 26398 and 78406.
394
Calculate the highest common divisor of 121043 and 767.
13
Calculate the highest common divisor of 65536 and 192.
64
Calculate the highest common factor of 18 and 131462.
2
What is the greatest common divisor of 1026 and 1080?
54
What is the highest common factor of 269 and 465908?
269
What is the greatest common factor of 144048 and 62?
2
Calculate the greatest common divisor of 852 and 1228.
4
Calculate the greatest common divisor of 35841 and 117.
39
Calculate the greatest common divisor of 2563 and 1243.
11
Calculate the greatest common divisor of 11487659 and 461.
461
Calculate the highest common factor of 609875 and 40375.
2125
Calculate the greatest common divisor of 78 and 143000.
26
Calculate the highest common factor of 1742 and 7449.
13
Calculate the greatest common factor of 504 and 12866.
14
What is the greatest common divisor of 391 and 7463?
17
Calculate the highest common factor of 576 and 7569.
9
Calculate the highest common divisor of 66546 and 3.
3
What is the greatest common factor of 1886 and 7872?
82
What is the greatest common divisor of 103400 and 55?
55
What is the highest common divisor of 1115445 and 30?
15
What is the highest common divisor of 5285 and 210?
35
Calculate the highest common factor of 35720 and 32490.
190
Calculate the highest common divisor of 952721 and 77.
77
What is the highest common factor of 415 and 35773?
83
Calculate the greatest common divisor of 118190 and 530.
530
Calculate the highest common factor of 21384 and 22077.
99
Calculate the greatest common divisor of 4344 and 1048.
8
Calculate the greatest common divisor of 1007 and 1961.
53
What is the greatest common divisor of 2043 and 39952?
227
Calculate the greatest common factor of 71766 and 8860.
886
Calculate the greatest common divisor of 49 and 3639524.
49
Calculate the highest common factor of 575 and 1217873.
23
Calculate the greatest common divisor of 9103402 and 154.
154
Calculate the greatest common divisor of 260 and 5080.
20
What is the highest common factor of 878 and 1028138?
878
Calculate the highest common divisor of 92 and 1636.
4
Calculate the greatest common divisor of 72065 and 1715.
35
What is the highest common divisor of 84933 and 171?
9
Calculate the highest common factor of 8 and 1042.
2
What is the greatest common divisor of 4932 and 972?
36
What is the highest common divisor of 398605 and 25?
5
What is the greatest common divisor of 21280 and 4816?
112
What is the highest common factor of 103230 and 55?
5
What is the greatest common factor of 12 and 96?
12
What is the highest common factor of 36064 and 22148?
196
Calculate the highest common factor of 49298 and 7850.
314
What is the highest common divisor of 40649 and 91?
7
What is the greatest common divisor of 2840 and 40?
40
What is the highest common divisor of 1710 and 6660?
90
Calculate the highest common factor of 2516 and 459.
17
What is the highest common divisor of 379154 and 8282?
202
What is the highest common factor of 2573 and 22327?
83
What is the highest common factor of 756 and 670248?
108
Calculate the highest common factor of 432221 and 1099.
157
What is the greatest common divisor of 18758080 and 110?
110
Calculate the highest common factor of 20680 and 1520.
40
What is the greatest common factor of 616 and 30712?
88
What is the highest common factor of 533193 and 669?
669
Calculate the highest common divisor of 608 and 1024.
32
Calculate the highest common divisor of 21 and 37707.
3
What is the highest common divisor of 724012 and 12?
4
What is the greatest common divisor of 81844 and 2844?
316
Calculate the greatest common factor of 986 and 15283.
493
What is the highest common factor of 808 and 1336?
8
What is the greatest common factor of 19479 and 774?
129
Calculate the highest common divisor of 65 and 1141309.
13
Calculate the greatest common factor of 1055354 and 2826.
314
Calculate the greatest common factor of 11979 and 8613.
99
What is the greatest common divisor of 1911 and 2891?
49
Calculate the greatest common divisor of 97 and 63923.
97
What is the highest common factor of 258 and 151446?
258
Calculate the highest common factor of 1065190 and 10.
10
Calculate the greatest common divisor of 406 and 187108.
58
What is the highest common factor of 133 and 440876?
19
Calculate the greatest common factor of 22100 and 2380.
340
What is the highest common divisor of 3663 and 16687?
407
Calculate the greatest common divisor of 166732 and 876.
292
Calculate the highest common factor of 6 and 17462.
2
Calculate the highest comm